on divisor of 19085 and 573244?
347
What is the highest common divisor of 74 and 1340954?
74
What is the greatest common divisor of 169 and 16562?
169
What is the greatest common factor of 542 and 7436?
2
What is the highest common divisor of 368 and 1403?
23
Calculate the greatest common factor of 112 and 10808.
56
Calculate the highest common factor of 5201 and 56.
7
What is the greatest common divisor of 15 and 81245?
5
What is the greatest common factor of 130 and 30470?
10
Calculate the greatest common divisor of 17 and 29045231.
17
What is the greatest common factor of 89080 and 42968?
1048
Calculate the highest common divisor of 6117 and 147.
3
Calculate the greatest common divisor of 138 and 3473.
23
Calculate the greatest common factor of 27873 and 45.
9
Calculate the greatest common divisor of 1620 and 5103.
81
What is the highest common factor of 41939 and 221?
17
Calculate the highest common factor of 1339776 and 1152.
1152
Calculate the greatest common divisor of 134370 and 135.
45
Calculate the greatest common factor of 238 and 28526.
34
What is the greatest common divisor of 156 and 3512236?
52
Calculate the highest common divisor of 9376 and 48931.
293
What is the greatest common factor of 508 and 889?
127
What is the highest common factor of 78 and 138684?
78
Calculate the highest common divisor of 8 and 11535.
1
What is the greatest common factor of 139 and 4582969?
139
Calculate the greatest common factor of 5107131 and 486.
243
Calculate the highest common factor of 6181 and 14.
7
Calculate the highest common factor of 1276 and 211497.
319
Calculate the highest common divisor of 4674 and 1938.
114
What is the greatest common factor of 20 and 41370?
10
What is the highest common factor of 546 and 598?
26
What is the greatest common divisor of 437 and 1273?
19
What is the greatest common divisor of 234793 and 26?
13
Calculate the highest common divisor of 16 and 15944.
8
What is the highest common factor of 407238 and 7475?
299
Calculate the highest common factor of 1391 and 362623.
107
Calculate the greatest common factor of 6000 and 192.
48
What is the highest common factor of 12 and 9444?
12
Calculate the greatest common factor of 5753 and 162130.
523
Calculate the highest common factor of 729326 and 26.
26
What is the greatest common divisor of 228 and 335217?
57
Calculate the greatest common divisor of 135654 and 828.
138
Calculate the greatest common factor of 5670 and 81810.
810
Calculate the highest common factor of 175 and 3599025.
25
Calculate the highest common divisor of 3703 and 111619.
529
What is the greatest common factor of 27 and 51363?
9
Calculate the greatest common factor of 19343 and 4439.
23
Calculate the highest common factor of 271236 and 56.
28
What is the highest common divisor of 2499 and 98413?
119
What is the greatest common divisor of 30 and 29030?
10
What is the highest common factor of 36 and 4908?
12
What is the greatest common factor of 1530 and 2002005?
765
Calculate the highest common divisor of 57 and 4864.
19
What is the greatest common divisor of 448 and 13284544?
448
What is the highest common factor of 294 and 851718?
294
Calculate the greatest common factor of 3272 and 200.
8
What is the highest common divisor of 87837 and 874?
437
What is the highest common factor of 300448 and 2290?
458
Calculate the highest common factor of 1392 and 303891.
87
Calculate the greatest common divisor of 131 and 443435.
131
What is the greatest common divisor of 192021 and 6?
3
Calculate the greatest common divisor of 147968 and 680.
136
Calculate the highest common factor of 177 and 50091.
177
What is the highest common factor of 48 and 3242000?
16
What is the greatest common divisor of 276093 and 36?
9
Calculate the greatest common factor of 1932 and 156.
12
What is the highest common factor of 540 and 15000?
60
Calculate the highest common divisor of 324 and 152442.
162
Calculate the highest common factor of 329476 and 2352.
196
Calculate the greatest common divisor of 148618 and 38.
38
Calculate the highest common divisor of 24 and 33366.
6
Calculate the greatest common divisor of 11880 and 43470.
270
Calculate the highest common divisor of 24282 and 21888.
342
What is the greatest common factor of 3116 and 280?
4
What is the highest common divisor of 954 and 442242?
18
What is the greatest common factor of 40923 and 81?
9
Calculate the highest common divisor of 13588 and 474.
158
What is the highest common factor of 466353 and 9?
9
What is the greatest common factor of 6305 and 559?
13
Calculate the greatest common divisor of 6975 and 3450.
75
What is the highest common divisor of 21573 and 376?
47
What is the greatest common factor of 1088 and 2023136?
544
What is the greatest common divisor of 21 and 3107888?
7
Calculate the greatest common divisor of 1472 and 3800.
8
What is the greatest common divisor of 6531 and 3003?
21
Calculate the greatest common divisor of 17617801 and 173.
173
Calculate the greatest common divisor of 488 and 197762.
122
What is the highest common divisor of 310 and 336660?
310
What is the greatest common divisor of 147 and 2449167?
147
Calculate the greatest common factor of 70059 and 363.
363
What is the highest common divisor of 1942105 and 55?
55
Calculate the highest common factor of 30 and 231210.
30
Calculate the highest common factor of 1632 and 12784.
272
Calculate the highest common divisor of 48 and 1726932.
12
Calculate the greatest common divisor of 72 and 930.
6
Calculate the highest common factor of 812 and 2044.
28
What is the greatest common factor of 1001 and 582351?
77
Calculate the greatest common factor of 348 and 6031884.
348
Calculate the highest common divisor of 33116 and 94478.
974
Calculate the highest common divisor of 1285 and 9.
1
Calculate the greatest common divisor of 2480 and 2790.
310
What is the highest common factor of 1092467 and 1654?
827
Calculate the highest common factor of 6260 and 4069.
313
What is the greatest common factor of 153 and 23324?
17
Calculate the greatest common factor of 410448 and 13078.
1006
Calculate the greatest common divisor of 84 and 6531.
21
What is the greatest common divisor of 35 and 1997065?
35
Calculate the greatest common factor of 98 and 23282.
14
What is the highest common divisor of 589 and 475?
19
What is the highest common factor of 110967 and 705939?
2361
What is the highest common divisor of 16089 and 20933?
173
Calculate the greatest common divisor of 374 and 1130789.
187
Calculate the greatest common factor of 11804 and 50621.
227
What is the highest common factor of 112 and 4914?
14
What is the highest common divisor of 81 and 486459?
27
Calculate the greatest common divisor of 255 and 178993.
17
What is the greatest common factor of 1645 and 1363?
47
What is the highest common divisor of 171864 and 124?
124
Calculate the greatest common factor of 1786 and 4864.
38
What is the greatest common factor of 45 and 521385?
15
Calculate the highest common divisor of 327 and 16551759.
327
What is the highest common divisor of 1700 and 8000?
100
What is the highest common divisor of 204531 and 1896?
237
What is the greatest common factor of 1539 and 6885?
81
Calculate the greatest common factor of 234 and 73762.
26
Calculate the greatest common factor of 8271722 and 122.
122
What is the greatest common divisor of 1649 and 3893?
17
Calculate the greatest common factor of 6776 and 119.
7
What is the highest common factor of 1615408 and 208?
16
What is the highest common factor of 105 and 17024?
7
Calculate the greatest common divisor of 279681 and 159.
159
What is the greatest common divisor of 1042 and 7124154?
1042
Calculate the greatest common divisor of 1252 and 249461.
313
What is the greatest common divisor of 280 and 26852?
28
Calculate the greatest common divisor of 10 and 670890.
10
What is the greatest common factor of 965260 and 2672?
668
Calculate the highest common divisor of 517 and 387844.
47
Calculate the greatest common divisor of 5181 and 2669.
157
What is the greatest common factor of 192 and 15136?
32
What is the greatest common factor of 50 and 6332?
2
Calculate the highest common factor of 84 and 31362.
6
Calculate the greatest common factor of 27649 and 1118.
43
Calculate 